. Determine b(-1).
-3
Let t(l) = -15 + l**3 + 7*l**2 + 4*l - 5*l**2 - 8*l**2 + 14. Determine t(5).
-6
Let k(x) be the second derivative of 5*x - 1/12*x**4 + 0 + 0*x**2 + x**3. Calculate k(5).
5
Let f(v) = 2*v + 7. Suppose -d - 7 = -2. Let z(x) = x. Let l be z(d). What is f(l)?
-3
Let j(x) = 2*x - 4*x**2 + 5*x**2 + 5 - 6. Let t(m) = m + 1. Let o be t(-3). Give j(o).
-1
Suppose -14 = -4*s + 50. Let d = 11 - s. Let h = d - -5. Let j(q) = q - 7. What is j(h)?
-7
Let i be (-1 - -2)*(-1 - 0). Let j(p) be the third derivative of 11*p**5/60 + p**4/12 + p**3/6 - p**2. Give j(i).
10
Suppose -m + 4*s - 1 + 3 = 0, 0 = -4*m - 3*s + 27. Let y be 73/15 - m/(-45). Let i(t) be the second derivative of t**3/3 + t**2/2 - t. Give i(y).
11
Suppose -58 + 56 = -f. Let a(l) = -2*l**2 + l + 1. Determine a(f).
-5
Let g(f) = -11*f**2 + f - 4*f - 2 + 13*f**2 + 5. Calculate g(-3).
30
Let x(r) = 2*r - 4*r - 2*r**2 - 1 + 2*r - r**3. Calculate x(-2).
-1
Let x(t) be the third derivative of t**5/24 - t**4/24 - t**3/6 - 3*t**2. Let u(o) be the first derivative of x(o). Determine u(-1).
-6
Let x(t) be the first derivative of -2*t - 2 + 1/3*t**3 - 3/2*t**2. Calculate x(5).
8
Let t be 6/(-33) + (-501)/(-33). Let g(x) = t - x - 4*x + x**2 - 8. Determine g(5).
7
Let h(j) = j - 9. Let a be h(13). Let v(b) = b**3 - 4*b**2 + 3*b - 5. Determine v(a).
7
Let z(i) be the first derivative of -i**4/4 + 4*i**3/3 + 5*i**2/2 - 4*i + 31. Let n(k) = 3*k**2 - k. Let f be n(-1). Suppose -10 = -f*p + 10. Determine z(p).
-4
Let f(n) = n**2 + 6*n + 2. Let p be f(-2). Let w = 4 - 6. Let t = w - p. Let i(z) = z**3 - 3*z**2 - 5*z + 6. Give i(t).
2
Let z(q) = q**2 + 2*q - 7. Let v be 1 + -5 + (-49)/(-7). Suppose -2*u - 4*b + 28 = -0*u, 5*u - 25 = 5*b. Let n = v - u. Give z(n).
8
Let u = -5 + 7. Let i be 456/28 - (-2)/(-7). Suppose i = -5*c + 5*f - 14, 3*c + f = u. Let t(a) = 5*a**3 - a**2 - a - 1. Determine t(c).
-6
Let x(t) = -t**3 - 4*t**2 + t + 1. Let d be x(-4). Let g be (-4)/2 - (2 + d). Let w(p) = -7 + 26 - 9 - 9 - 3*p. What is w(g)?
4
Let k(g) = -g**2 - 10*g + 4. Let u be ((-55)/15 - -2)*(1 - -5). Give k(u).
4
Let n(g) be the first derivative of -g**5/60 - 5*g**4/24 + g**3/6 + 3*g**2/2 - 3. Let j(p) be the second derivative of n(p). Calculate j(-4).
5
Let a(k) = 15*k**3 - k**2. Let p = -187 + 188. What is a(p)?
14
Let a(v) = 5*v + 1. Let p be a(1). Suppose j + 2*j = -p. Let z(k) be the first derivative of 3*k**2/2 + 2*k + 2. Determine z(j).
-4
Let a(c) be the first derivative of -c**2/2 + 8*c + 4. Calculate a(5).
3
Let m(y) = 1 - 2*y + 4 + y - 3. Let h be m(7). Let a(q) = -q + 2. What is a(h)?
7
Let a(t) = -t**2 + 2*t**2 - 3 + 1 + 4*t + 0*t. Give a(-4).
-2
Let r be 1*(-1)/2*2. Let m(n) = -5*n + 3. Let c(j) = 7 - 4 + 1 - 5*j. Let f(w) = 2*c(w) - 3*m(w). Determine f(r).
-6
Let f(m) be the second derivative of m**5/20 - 5*m**4/12 + m**3/2 - m**2 + 17*m. What is f(3)?
-11
Let c(r) = r**3 + 5*r**2 + 6*r + 4. Suppose -29 = 5*d - 3*z, z - 3 = -0*z. What is c(d)?
-4
Let p = 7 - 12. Let s = 14 + p. Let l be (-3)/s + (-2)/(-6). Let k(n) = n - 6. Determine k(l).
-6
Suppose -3*x = -2*x - 4. Suppose -5*h - x*z + 16 + 25 = 0, -5*z - 23 = -2*h. Let f(i) = h - 4*i**2 + 2*i**2 - 8. Determine f(2).
-7
Let f(d) = -2*d + 17. Let p(r) = -3*r + 20. Let s(z) = 4*f(z) - 3*p(z). Let q(g) = -3*g + 2. Let x be q(2). Calculate s(x).
4
Let m be 8/10*10/4. Let s(t) = -m*t + t**2 + 1 - 4*t**2 + 0*t + 2*t**2. Calculate s(1).
-2
Let u(w) = w**3 - w**2 + 8. Suppose -3 - 3 = -q. Suppose 2*d - d = 3*i - 3, -q = i + 2*d. Determine u(i).
8
Let v(g) = -g + 2. Let f be v(2). Let d(l) be the first derivative of -1/3*l**3 + f*l - 1/2*l**2 + 2 - 1/4*l**4. What is d(-2)?
6
Suppose 3*a - 7*a + 4 = 0. Let o(r) = -3*r - 1. Let u(n) = n. Let t(y) = a*o(y) + 2*u(y). Calculate t(5).
-6
Let n be (16/10)/((-16)/(-40)). Let a(c) = -c**2 + 4*c - 6. Give a(n).
-6
Let u(l) = -5*l - 4*l**2 + 9 + 5*l**2 - 4*l. What is u(6)?
-9
Let w(k) = -k**2 + 6*k - 7. Suppose 32 = 2*g - 4*t, -2*g - 8*t - 13 = -3*t. Calculate w(g).
-7
Let i(c) be the third derivative of 0 + 0*c - 1/24*c**4 - 1/3*c**3 + 4*c**2 + 1/120*c**6 - 1/15*c**5. Give i(4).
-6
Let l = 4 - -6. Let b = l - 4. Let z be 5*2*(-3)/b. Let x(a) = 2*a + 7. Determine x(z).
-3
Suppose -5*l + 4*l - 4 = 0. Let t(k) = -k**2 - 3*k - 1. Give t(l).
-5
Let q(f) = -7*f**2 + 7*f + 4. Let x(o) = 3*o**2 - 3*o - 2. Let g(w) = 2*q(w) + 5*x(w). Let m(b) = b + 1. Let a be m(6). Let c = 9 - a. Determine g(c).
0
Let w(z) = z + 1. Let k be w(2). Let s(l) = 2*l**2 - l + 8 + 5*l**3 + 0*l**3 - 4*l**k - l**2. Calculate s(0).
8
Let p(l) be the first derivative of -l**3/3 - 2*l**2 + 2*l - 1. Let z be 33/7 + (-4)/(-14). Suppose -3*t + z = -4*t. What is p(t)?
-3
Let g(o) = -8*o - 1. Suppose 0 = 4*s + 18 + 2, 0 = 2*k + 4*s + 22. Let a be g(k). Let l(p) = -p**3 + a - 5*p + 5*p - p**2. Calculate l(0).
7
Suppose -3*q + 35 = 2*i + 9, -4*i = -q - 10. Let y(w) = w**2 - 11*w + 2. Let v(p) = p - 1. Let b(r) = 5*v(r) + y(r). Determine b(q).
-3
Let q(k) be the third derivative of 0*k + 2/3*k**3 + 0 - 1/24*k**4 + 1/30*k**5 - 4*k**2 + 1/120*k**6. Calculate q(-3).
-2
Let s(q) = -9*q - 14. Let l(p) = 5*p + 7. Let k(h) = -11*l(h) - 6*s(h). Let w(g) = -g**2 - 5*g - 1. Let z be w(-4). Calculate k(z).
4
Suppose -2*r + 9 = 3. Let n be r/6*4 - -1. Let m(p) = n + 0 + p - 5. Give m(0).
-2
Let t = -12 + 8. Let p(d) = -11*d**2 + 17*d + 23. Let y(n) = -5*n**2 + 8*n + 11. Let g(c) = t*p(c) + 9*y(c). Calculate g(6).
-5
Let c(i) = -3*i + 4. Let n = 19 - 15. What is c(n)?
-8
Let i(k) = k**3 - 2*k**2 + 2*k - 1. Let p(y) be the third derivative of y**5/60 - 5*y**4/24 + y**3/3 - y**2. Let q be p(5). Give i(q).
3
Let p be 188/60 - (-4)/(-30). Let v(w) = -2*w**2 + 4*w - 2. Calculate v(p).
-8
Let x(h) be the first derivative of h**3/3 - h**2/2 + 5*h - 6. Let c(k) be the first derivative of x(k). Calculate c(2).
3
Let k = 21 + -15. Let f(c) be the third derivative of -1/15*c**5 - 1/120*c**k + 0 + 0*c + 1/2*c**3 + 0*c**4 + c**2. Determine f(-3).
-6
Let h(x) = x**2 - 1. Let i = -48 + 48. Let b be 2*(0 + (-7)/(-2)). Let u be i/b - -1*2. Calculate h(u).
3
Let w(d) be the first derivative of -5*d**2/2 - d - 16. Calculate w(-2).
9
Let y(n) = -3. Let j(d) = -d. Let b(l) = 4*j(l) - y(l). Let i = -8 - -12. Suppose -i*q + 13 = 5. Give b(q).
-5
Let s(z) = 2*z - z**2 - 6*z + z + 4*z + 1. What is s(2)?
-1
Let z(d) be the third derivative of -d**6/120 + d**5/10 - 5*d**4/24 - d**3/3 - 7*d**2. Determine z(5).
-2
Suppose 2*p - 11 = -x, 3*p + 16 = 2*x + 4*p. Let v(s) = x*s**2 - 5 + 0 - s**3 - s**2 - 6*s. Determine v(5).
-10
Let f(q) be the first derivative of q**3/3 - q**2 + 2*q + 8. Give f(4).
10
Let n be 2/2 - (-3)/1. Let m(t) = -1 + 6 - 2 - t. Determine m(n).
-1
Suppose 4*a = a - 2*m + 67, -5*a + 121 = m. Suppose 4*b - 6*u = -3*u + 29, 2*b - a = 5*u. Let v(l) = -l**2 + 6*l - 7. What is v(b)?
-2
Let h(b) = -2*b. Suppose 0*z + 4*f = 3*z + 25, f = 4. What is h(z)?
6
Let v(b) = b - 1. Let x(f) = -4*f**3 + 3*f**2 + 2*f + 3. Let t(m) = -3*m**3 + 4*m**2 + 3*m + 3. Let l(n) = -5*t(n) + 4*x(n). Let j be l(-7). Determine v(j).
-4
Let b(g) be the third derivative of g**5/60 - g**4/3 + 7*g**3/6 - 13*g**2. Determine b(6).
-5
Let z(g) be the first derivative of -5*g**2 + g + 17. Calculate z(-1).
11
Let h(d) = d + 1. Let m = -23 + 20. Determine h(m).
-2
Suppose -5*j - 3*u - 27 = 0, -3*u + 9 = 3*j - 4*j. Let c(m) = m**2 + 8*m + 8. Calculate c(j).
-4
Let y = -57 - -67. Let j(o) = 2*o - 14. Determine j(y).
6
Let q(y) = y**3 + 6*y**2 + 2*y - 6. Let p be q(-6). Let v = -11 - p. Let n(x) = -v + 3*x - x - 3*x. What is n(0)?
-7
Let t(u) = -4*u**2 + u + 1. Let h be (-1 - 1)*1*(-3)/3. Determine t(h).
-13
Suppose -3*s + 7*s + 24 = k, 32 = 5*k + 2*s. Let a(n) = n - 3 + k + 2. What is a(5)?
12
Let g(q) = -q**2 + 4*q - 1 + 4*q**2 - 6*q. Let m be g(-1). Let s be (-8)/(-10)*10/m. Let z(p) = -p**2 + 1. Determine z(s).
-3
Let n(t) be the second derivative of -t**5/120 - t**4/4 - t**3/2 + t. Let f(i) be the second derivative of n(i). Give f(0).
-6
Let p(t) = 2*t**3 - t**2 + 1. Let h be p(-1). Let k = h - -4. Let o(w) = -k*w**2 - 1 + 3*w - 4*w + w**3 + 0*w. What is o(2)?
-3
Let i(m) be the second derivative of -m**7/2520 - m**6/180 + m**5/30 - m**4/12 + 2*m. Let d(a) be the third derivative of i(a). Determine d(-4)